ue
Is 730017058153 a prime number?
True
Is 5195697359 a composite number?
True
Is 44916466009 a composite number?
True
Is 305324761673 prime?
True
Is 459537479 prime?
False
Is 231462143 a prime number?
False
Is 368813527 prime?
True
Is 4678213711 a composite number?
True
Is 24169547611 a prime number?
False
Is 350257441 prime?
False
Is 6650863007 composite?
False
Is 983207207 a prime number?
False
Is 3577912799 a composite number?
False
Is 28433123 composite?
False
Is 5017100713 prime?
False
Is 957436793 a prime number?
True
Is 11447631847 a composite number?
False
Is 40343538179 composite?
True
Is 14260999993 a composite number?
True
Is 73308701847 a composite number?
True
Is 45586451843 a prime number?
False
Is 65722315993 prime?
True
Is 38518169821 composite?
False
Is 449656061 a prime number?
False
Is 132319157 composite?
True
Is 1088617783 a prime number?
False
Is 1184590933 a composite number?
False
Is 1525928267 a prime number?
True
Is 89652389 a composite number?
True
Is 936559319 a prime number?
False
Is 72294507541 composite?
False
Is 257841691 composite?
True
Is 688740523 prime?
True
Is 78151337353 composite?
True
Is 69599668561 a composite number?
False
Is 15099901727 a composite number?
False
Is 8660137361 prime?
False
Is 232845497221 a composite number?
False
Is 21341574911 composite?
False
Is 148161503747 composite?
True
Is 408745061 prime?
False
Is 90179576581 prime?
False
Is 12407338729 a prime number?
True
Is 652320841 composite?
True
Is 3792943603 a prime number?
True
Is 400414913 a composite number?
True
Is 267404491 composite?
False
Is 1440130319 composite?
False
Is 12348037 a composite number?
True
Is 13815999653 a composite number?
True
Is 3272156803 prime?
False
Is 5450117969 composite?
True
Is 138195905 prime?
False
Is 366014087 a composite number?
False
Is 5126044453 prime?
False
Is 11404033373 a composite number?
True
Is 3561534853 composite?
False
Is 656389087 composite?
True
Is 845093741 a composite number?
False
Is 36931236141 a prime number?
False
Is 94852937 a prime number?
True
Is 779694871 a composite number?
True
Is 29602217779 composite?
True
Is 53947534201 prime?
False
Is 1947074249 a prime number?
True
Is 11962076011 prime?
True
Is 8036051 a composite number?
False
Is 8715250981 a composite number?
True
Is 910695719 composite?
False
Is 673804141 a composite number?
False
Is 401330233 prime?
False
Is 25475935223 a composite number?
False
Is 12880011981 a composite number?
True
Is 9826884751 a prime number?
True
Is 5447750377 prime?
False
Is 28255182721 composite?
True
Is 1103234569 prime?
False
Is 49256367841 a composite number?
True
Is 5675833351 a composite number?
False
Is 5416860643 composite?
True
Is 152391043229 a prime number?
True
Is 448274447 prime?
True
Is 809593589 a composite number?
True
Is 10619109373 composite?
True
Is 1458793199 composite?
False
Is 1320344569 a composite number?
True
Is 766095047 prime?
False
Is 929221981 a composite number?
False
Is 642545273 a prime number?
False
Is 44399810177 a prime number?
True
Is 7194445631 prime?
True
Is 170157917 composite?
False
Is 105882925867 prime?
False
Is 6419444782 a prime number?
False
Is 68697563171 a composite number?
False
Is 3155349221 a prime number?
False
Is 32290121449 prime?
False
Is 6987742631 a prime number?
False
Is 26939818663 a composite number?
True
Is 8136999329 composite?
False
Is 730308921 composite?
True
Is 1200601343 composite?
True
Is 55393468813 a prime number?
False
Is 55159946137 a composite number?
False
Is 2659167031 a prime number?
False
Is 106716449386 prime?
False
Is 159242244533 a prime number?
True
Is 7667187509 composite?
True
Is 17327421623 composite?
True
Is 54503139319 a composite number?
False
Is 31705810079 composite?
True
Is 1210587199 composite?
False
Is 7418047471 a prime number?
True
Is 2302045329 a composite number?
True
Is 1277934089 a prime number?
False
Is 12848647007 a prime number?
False
Is 21174411997 composite?
True
Is 6766003507 a prime number?
True
Is 74658390439 prime?
True
Is 25983631537 a prime number?
False
Is 11138615299 a composite number?
True
Is 4727778647 composite?
False
Is 819736991 prime?
False
Is 25332276133 composite?
False
Is 1117144867 composite?
False
Is 1571572789 composite?
False
Is 1959089141 composite?
True
Is 172203508403 composite?
True
Is 3115563911 a composite number?
True
Is 66264091 composite?
False
Is 1080678289 composite?
True
Is 3215496733 a prime number?
True
Is 67372680021 a prime number?
False
Is 552263911 composite?
True
Is 898790803 a prime number?
False
Is 6642998009 a composite number?
True
Is 549132637 prime?
True
Is 148246305551 a composite number?
True
Is 2122706399 a prime number?
False
Is 51480594227 composite?
True
Is 4410056197 prime?
False
Is 2321460667 prime?
True
Is 29402698729 a prime number?
False
Is 1113564967 a prime number?
True
Is 11188690939 prime?
True
Is 63528930835 a prime number?
False
Is 13536738661 a prime number?
False
Is 37240210507 a prime number?
True
Is 53295939251 a composite number?
True
Is 315364913 composite?
True
Is 4579258409 a prime number?
False
Is 2072788693 composite?
True
Is 36540564299 prime?
True
Is 37001538319 composite?
True
Is 3467029441 prime?
True
Is 262435403 a composite number?
False
Is 261621197 a prime number?
False
Is 3268222043 a composite number?
True
Is 132026387063 prime?
True
Is 12465843107 a prime number?
True
Is 10055115181 a prime number?
False
Is 19461887681 composite?
False
Is 121258711243 prime?
False
Is 1048948049 a prime number?
True
Is 1799672243 composite?
False
Is 39841338913 composite?
False
Is 2432018269 a prime number?
True
Is 2171963657 a composite number?
False
Is 1851702157 a composite number?
False
Is 2302254209 a prime number?
False
Is 60130962517 a prime number?
True
Is 4302782867 a prime number?
False
Is 138820057 prime?
True
Is 328478363 a prime number?
False
Is 1591975481 composite?
False
Is 634832417 a prime number?
False
Is 1259757859 prime?
True
Is 4794478433 a prime number?
True
Is 3489915547 a composite number?
False
Is 5794737257 a composite number?
True
Is 4662645469 prime?
True
Is 23983030207 prime?
True
Is 96815319739 prime?
True
Is 4721308259 a prime number?
True
Is 3623417393 composite?
False
Is 5631113753 a composite number?
False
Is 18492508571 prime?
True
Is 398068499 a composite number?
False
Is 11130816959 a prime number?
False
Is 40954497673 a prime number?
True
Is 168583717 a composite number?
False
Is 56984898053 prime?
True
Is 423580273 a prime number?
False
Is 8320240031 a composite number?
False
Is 109024266269 prime?
True
Is 534614387 a prime number?
True
Is 48019769249 prime?
True
Is 22939853429 a prime number?
True
Is 167139923 prime?
True
Is 31036751 composite?
False
Is 581533349 a composite number?
False
Is 8739587897 prime?
False
Is 50026841979 prime?
False
Is 377097448681 a prime number?
False
Is 33213179 prime?
True
Is 327112286971 prime?
False
Is 6321655237 composite?
False
Is 49716237359 prime?
True
Is 484374797 a composite number?
False
Is 6421177153 a prime number?
True
Is 17660970611 composite?
True
Is 1270096987 a composite number?
True
Is 1050815377 a composite number?
True
Is 1435313959 prime?
True
Is 2176192783 a prime number?
True
Is 2726405839 a composite number?
True
Is 2055670493 a composite number?
False
Is 26856111559 a prime number?
True
Is 155526100787 a composite number?
False
Is 3031837681 prime?
False
Is 14684599081 a composite number?
False
Is 87920982139 prime?
False
Is 2246434063 a composite number?
True
Is 1079961199 a prime number?
True
Is 14205014749 a composite number?
True
Is 19755212602 composite?
True
Is 63655065713 composite?
False
Is 1362893017 a composite number?
True
Is 582755191 a composite number?
False
Is 1649792821 a composite number?
False
Is 7039115449 a prime number?
False
Is 15694247329 a prime number?
True
Is 4169407147 a prime number?
False
Is 5247326377 prime?
False
Is 2977308179 a composite number?
False
Is 5798885077 prime?
True
Is 1351335333 prime?
False
Is 6108867863 a prime number?
False
Is 17609688251 a composite number?
False
Is 20990024977 prime?
False
Is 2965932663 a composite number?
True
Is 67474516093 composite?
True
Is 397224407 prime?
True
Is 19620154973 composite?
True
Is 5735176639 a 